[INFO] fetching crate radiate_matrix_tree 1.0.1...
[INFO] checking radiate_matrix_tree-1.0.1 against master#af3c6e733a40e671550e0f0f5aeecaa13772ba56 for pr-74989
[INFO] extracting crate radiate_matrix_tree 1.0.1 into /workspace/builds/worker-0/source
[INFO] validating manifest of crates.io crate radiate_matrix_tree 1.0.1 on toolchain af3c6e733a40e671550e0f0f5aeecaa13772ba56
[INFO] running `Command { std: "/workspace/cargo-home/bin/cargo" "+af3c6e733a40e671550e0f0f5aeecaa13772ba56" "read-manifest" "--manifest-path" "Cargo.toml", kill_on_drop: false }`
[INFO] started tweaking crates.io crate radiate_matrix_tree 1.0.1
[INFO] finished tweaking crates.io crate radiate_matrix_tree 1.0.1
[INFO] tweaked toml for crates.io crate radiate_matrix_tree 1.0.1 written to /workspace/builds/worker-0/source/Cargo.toml
[INFO] running `Command { std: "/workspace/cargo-home/bin/cargo" "+af3c6e733a40e671550e0f0f5aeecaa13772ba56" "generate-lockfile" "--manifest-path" "Cargo.toml" "-Zno-index-update", kill_on_drop: false }`
[INFO] running `Command { std: "/workspace/cargo-home/bin/cargo" "+af3c6e733a40e671550e0f0f5aeecaa13772ba56" "fetch" "--locked" "--manifest-path" "Cargo.toml", kill_on_drop: false }`
[INFO] [stderr]     Blocking waiting for file lock on package cache
[INFO] running `Command { std: "docker" "create" "-v" "/var/lib/crater-agent-workspace/builds/worker-0/target:/opt/rustwide/target:rw,Z" "-v" "/var/lib/crater-agent-workspace/builds/worker-0/source:/opt/rustwide/workdir:ro,Z" "-v" "/var/lib/crater-agent-workspace/cargo-home:/opt/rustwide/cargo-home:ro,Z" "-v" "/var/lib/crater-agent-workspace/rustup-home:/opt/rustwide/rustup-home:ro,Z" "-e" "SOURCE_DIR=/opt/rustwide/workdir" "-e" "CARGO_TARGET_DIR=/opt/rustwide/target" "-e" "CARGO_HOME=/opt/rustwide/cargo-home" "-e" "RUSTUP_HOME=/opt/rustwide/rustup-home" "-w" "/opt/rustwide/workdir" "-m" "1610612736" "--user" "0:0" "--network" "none" "rustops/crates-build-env@sha256:d92eaeed33fa75130ca1ee6c8a01d1ffb62bac859dfdfb3450e3e5d1c0146529" "/opt/rustwide/cargo-home/bin/cargo" "+af3c6e733a40e671550e0f0f5aeecaa13772ba56" "metadata" "--no-deps" "--format-version=1", kill_on_drop: false }`
[INFO] [stdout] 127355371ac5380ece03f19a6e6a881f6d5b01ab9dd06669acb580a47fade267
[INFO] [stderr] WARNING: Your kernel does not support swap limit capabilities or the cgroup is not mounted. Memory limited without swap.
[INFO] running `Command { std: "docker" "start" "-a" "127355371ac5380ece03f19a6e6a881f6d5b01ab9dd06669acb580a47fade267", kill_on_drop: false }`
[INFO] running `Command { std: "docker" "inspect" "127355371ac5380ece03f19a6e6a881f6d5b01ab9dd06669acb580a47fade267", kill_on_drop: false }`
[INFO] running `Command { std: "docker" "rm" "-f" "127355371ac5380ece03f19a6e6a881f6d5b01ab9dd06669acb580a47fade267", kill_on_drop: false }`
[INFO] [stdout] 127355371ac5380ece03f19a6e6a881f6d5b01ab9dd06669acb580a47fade267
[INFO] running `Command { std: "docker" "create" "-v" "/var/lib/crater-agent-workspace/builds/worker-0/target:/opt/rustwide/target:rw,Z" "-v" "/var/lib/crater-agent-workspace/builds/worker-0/source:/opt/rustwide/workdir:ro,Z" "-v" "/var/lib/crater-agent-workspace/cargo-home:/opt/rustwide/cargo-home:ro,Z" "-v" "/var/lib/crater-agent-workspace/rustup-home:/opt/rustwide/rustup-home:ro,Z" "-e" "SOURCE_DIR=/opt/rustwide/workdir" "-e" "CARGO_TARGET_DIR=/opt/rustwide/target" "-e" "CARGO_INCREMENTAL=0" "-e" "RUST_BACKTRACE=full" "-e" "RUSTFLAGS=--cap-lints=forbid" "-e" "CARGO_HOME=/opt/rustwide/cargo-home" "-e" "RUSTUP_HOME=/opt/rustwide/rustup-home" "-w" "/opt/rustwide/workdir" "-m" "1610612736" "--user" "0:0" "--network" "none" "rustops/crates-build-env@sha256:d92eaeed33fa75130ca1ee6c8a01d1ffb62bac859dfdfb3450e3e5d1c0146529" "/opt/rustwide/cargo-home/bin/cargo" "+af3c6e733a40e671550e0f0f5aeecaa13772ba56" "check" "--frozen" "--all" "--all-targets" "--message-format=json", kill_on_drop: false }`
[INFO] [stderr] WARNING: Your kernel does not support swap limit capabilities or the cgroup is not mounted. Memory limited without swap.
[INFO] [stdout] 57a6c5f4c9548c8b3e9532e6b72fc60950c23418c55200f2a115770a90bb6846
[INFO] running `Command { std: "docker" "start" "-a" "57a6c5f4c9548c8b3e9532e6b72fc60950c23418c55200f2a115770a90bb6846", kill_on_drop: false }`
[INFO] [stderr]    Compiling proc-macro2 v1.0.21
[INFO] [stderr]    Compiling unicode-xid v0.2.1
[INFO] [stderr]     Checking lazy_static v1.4.0
[INFO] [stderr]    Compiling getrandom v0.1.15
[INFO] [stderr]    Compiling serde v1.0.116
[INFO] [stderr]     Checking scopeguard v1.1.0
[INFO] [stderr]     Checking ppv-lite86 v0.2.9
[INFO] [stderr]    Compiling ryu v1.0.5
[INFO] [stderr]     Checking simple-matrix v0.1.2
[INFO] [stderr]    Compiling rayon v1.4.0
[INFO] [stderr]     Checking crossbeam-utils v0.7.2
[INFO] [stderr]     Checking rand_core v0.5.1
[INFO] [stderr]     Checking crossbeam-epoch v0.8.2
[INFO] [stderr]     Checking crossbeam-channel v0.4.4
[INFO] [stderr]     Checking crossbeam-deque v0.7.3
[INFO] [stderr]     Checking rand_chacha v0.2.2
[INFO] [stderr]     Checking rayon-core v1.8.0
[INFO] [stderr]     Checking rand v0.7.3
[INFO] [stderr]    Compiling quote v1.0.7
[INFO] [stderr]    Compiling syn v1.0.40
[INFO] [stderr]    Compiling serde_derive v1.0.116
[INFO] [stderr]    Compiling inventory-impl v0.1.9
[INFO] [stderr]    Compiling ghost v0.1.2
[INFO] [stderr]    Compiling ctor v0.1.15
[INFO] [stderr]    Compiling typetag-impl v0.1.5
[INFO] [stderr]     Checking inventory v0.1.9
[INFO] [stderr]     Checking erased-serde v0.3.12
[INFO] [stderr]     Checking serde_json v1.0.57
[INFO] [stderr]     Checking uuid v0.8.1
[INFO] [stderr]     Checking typetag v0.1.5
[INFO] [stderr]     Checking radiate v1.1.58
[INFO] [stderr]     Checking radiate_matrix_tree v1.0.1 (/opt/rustwide/workdir)
[INFO] [stdout] error[E0053]: method `crossover` has an incompatible type for trait
[INFO] [stdout]    --> src/matrix_tree/evtree.rs:128:5
[INFO] [stdout]     |
[INFO] [stdout] 128 |     fn crossover(one: &Evtree, two: &Evtree, settings: &Arc<RwLock<TreeEnvionment>>, crossover_rate: f32) -> Option<Evtree> {
[INFO] [stdout]     |     ^^^^^^^^^^^^^^^^^^^^^^^^^^^^^^^^^^^^^^^^^^^^^^^^^^^^^^^^^^^^^^^^^^^^^^^^^^^^^^^^^^^^^^^^^^^^^^^^^^^^^^^^^^^^^^^^^^^^^^^ expected struct `Arc`, found reference
[INFO] [stdout]     |
[INFO] [stdout]     = note: expected fn pointer `fn(&tree::Tree<NetNode>, &tree::Tree<NetNode>, Arc<RwLock<TreeEnvionment>>, _) -> Option<_>`
[INFO] [stdout]                found fn pointer `fn(&tree::Tree<NetNode>, &tree::Tree<NetNode>, &Arc<RwLock<TreeEnvionment>>, _) -> Option<_>`
[INFO] [stdout] 
[INFO] [stdout] 
[INFO] [stdout] error[E0053]: method `crossover` has an incompatible type for trait
[INFO] [stdout]    --> src/matrix_tree/evtree.rs:128:5
[INFO] [stdout]     |
[INFO] [stdout] 128 |     fn crossover(one: &Evtree, two: &Evtree, settings: &Arc<RwLock<TreeEnvionment>>, crossover_rate: f32) -> Option<Evtree> {
[INFO] [stdout]     |     ^^^^^^^^^^^^^^^^^^^^^^^^^^^^^^^^^^^^^^^^^^^^^^^^^^^^^^^^^^^^^^^^^^^^^^^^^^^^^^^^^^^^^^^^^^^^^^^^^^^^^^^^^^^^^^^^^^^^^^^ expected struct `Arc`, found reference
[INFO] [stdout]     |
[INFO] [stdout]     = note: expected fn pointer `fn(&tree::Tree<NetNode>, &tree::Tree<NetNode>, Arc<RwLock<TreeEnvionment>>, _) -> Option<_>`
[INFO] [stdout]                found fn pointer `fn(&tree::Tree<NetNode>, &tree::Tree<NetNode>, &Arc<RwLock<TreeEnvionment>>, _) -> Option<_>`
[INFO] [stdout] 
[INFO] [stdout] 
[INFO] [stdout] error[E0053]: method `distance` has an incompatible type for trait
[INFO] [stdout]    --> src/matrix_tree/evtree.rs:188:5
[INFO] [stdout]     |
[INFO] [stdout] 188 |     fn distance(one: &Evtree, two: &Evtree, _settings: &Arc<RwLock<TreeEnvionment>>) -> f32 {
[INFO] [stdout]     |     ^^^^^^^^^^^^^^^^^^^^^^^^^^^^^^^^^^^^^^^^^^^^^^^^^^^^^^^^^^^^^^^^^^^^^^^^^^^^^^^^^^^^^^^ expected struct `Arc`, found reference
[INFO] [stdout]     |
[INFO] [stdout]     = note: expected fn pointer `fn(&tree::Tree<NetNode>, &tree::Tree<NetNode>, Arc<RwLock<TreeEnvionment>>) -> _`
[INFO] [stdout]                found fn pointer `fn(&tree::Tree<NetNode>, &tree::Tree<NetNode>, &Arc<RwLock<TreeEnvionment>>) -> _`
[INFO] [stdout] 
[INFO] [stdout] 
[INFO] [stdout] error[E0053]: method `distance` has an incompatible type for trait
[INFO] [stdout]    --> src/matrix_tree/evtree.rs:188:5
[INFO] [stdout]     |
[INFO] [stdout] 188 |     fn distance(one: &Evtree, two: &Evtree, _settings: &Arc<RwLock<TreeEnvionment>>) -> f32 {
[INFO] [stdout]     |     ^^^^^^^^^^^^^^^^^^^^^^^^^^^^^^^^^^^^^^^^^^^^^^^^^^^^^^^^^^^^^^^^^^^^^^^^^^^^^^^^^^^^^^^ expected struct `Arc`, found reference
[INFO] [stdout]     |
[INFO] [stdout]     = note: expected fn pointer `fn(&tree::Tree<NetNode>, &tree::Tree<NetNode>, Arc<RwLock<TreeEnvionment>>) -> _`
[INFO] [stdout]                found fn pointer `fn(&tree::Tree<NetNode>, &tree::Tree<NetNode>, &Arc<RwLock<TreeEnvionment>>) -> _`
[INFO] [stdout] 
[INFO] [stdout] 
[INFO] [stdout] error: aborting due to 2 previous errors
[INFO] [stdout] 
[INFO] [stdout] 
[INFO] [stdout] For more information about this error, try `rustc --explain E0053`.
[INFO] [stdout] 
[INFO] [stderr] error: could not compile `radiate_matrix_tree`.
[INFO] [stderr] 
[INFO] [stderr] To learn more, run the command again with --verbose.
[INFO] [stderr] warning: build failed, waiting for other jobs to finish...
[INFO] [stdout] error: aborting due to 2 previous errors
[INFO] [stdout] 
[INFO] [stdout] 
[INFO] [stdout] For more information about this error, try `rustc --explain E0053`.
[INFO] [stdout] 
[INFO] [stderr] error: build failed
[INFO] running `Command { std: "docker" "inspect" "57a6c5f4c9548c8b3e9532e6b72fc60950c23418c55200f2a115770a90bb6846", kill_on_drop: false }`
[INFO] running `Command { std: "docker" "rm" "-f" "57a6c5f4c9548c8b3e9532e6b72fc60950c23418c55200f2a115770a90bb6846", kill_on_drop: false }`
[INFO] [stdout] 57a6c5f4c9548c8b3e9532e6b72fc60950c23418c55200f2a115770a90bb6846
